{"id":199,"date":"2019-11-08T13:42:53","date_gmt":"2019-11-08T12:42:53","guid":{"rendered":"https:\/\/politecnicoestella.educacion.navarra.es\/web1\/?page_id=199"},"modified":"2022-05-30T09:45:21","modified_gmt":"2022-05-30T07:45:21","slug":"programaciones-del-ciclo-de-formacion-profesional-especial","status":"publish","type":"page","link":"https:\/\/politecnicoestella.educacion.navarra.es\/web1\/programaciones-del-ciclo-de-formacion-profesional-especial\/","title":{"rendered":"Programaciones del ciclo Auxiliar en Servicios Generales de Comercio"},"content":{"rendered":"<p style=\"text-align: justify;\">A trav\u00e9s de los siguientes enlaces se accede al documento con la programaci\u00f3n del m\u00f3dulo.<\/p>\n<p style=\"text-align: justify;\"><strong>M\u00f3dulos profesionales (Cursos 1\u00ba, 2\u00ba, 3\u00ba y 4\u00ba)<\/strong><\/p>\n<ul>\n<li><a href=\"https:\/\/docs.google.com\/a\/educacion.navarra.es\/document\/d\/1X_s_qVQ9eUGtgNHgKaR79VwuLoq1DAm6_KVaCwyGrzU\/edit?usp=drivesdk\" target=\"_blank\" rel=\"noreferrer noopener\">01.- T\u00e9cnicas administrativas b\u00e1sicas (TAB)<\/a><\/li>\n<li><a href=\"https:\/\/docs.google.com\/a\/educacion.navarra.es\/document\/d\/1XsVMRq1s2vvRll1KbG2jr9H929mO2emrKX7rF8WFCQo\/edit?usp=drivesdk\" target=\"_blank\" rel=\"noreferrer noopener\">02.- Archivo y comunicaci\u00f3n (ARC)<\/a><\/li>\n<li><a href=\"https:\/\/docs.google.com\/a\/educacion.navarra.es\/document\/d\/19WZFB4VHdhpBvOA-whEAQmRu0iluhVNeohF9y0LIzmE\/edit?usp=drivesdk\" target=\"_blank\" rel=\"noreferrer noopener\">03.- Socioling\u00fc\u00edstico (SOLI)<\/a><\/li>\n<li><a href=\"https:\/\/docs.google.com\/a\/educacion.navarra.es\/document\/d\/1vkQpHE6ZwWuWULZDOALs1njqmuL05F3EpctN1P4UkBs\/edit?usp=drivesdk\" target=\"_blank\" rel=\"noreferrer noopener\">04.- Cient\u00edfico tecnol\u00f3gico (CITE)<\/a><\/li>\n<li><a href=\"https:\/\/docs.google.com\/a\/educacion.navarra.es\/document\/d\/1Nlmj5yg6TZ8BJun5KsnVIeS7Pv1W5AEKdXOokIdJa8c\/edit?usp=drivesdk\" target=\"_blank\" rel=\"noreferrer noopener\">05.- Autonom\u00eda personal y orientaci\u00f3n laboral (APOL)<\/a><\/li>\n<li><a href=\"https:\/\/docs.google.com\/a\/educacion.navarra.es\/document\/d\/1NG32pKI85LDAWOImaw5AuE0_7J9WnOvco-K0URCSIek\/edit?usp=drivesdk\" target=\"_blank\" rel=\"noreferrer noopener\">06.- Formaci\u00f3n en Centros de Trabajo (FCT)<\/a><\/li>\n<li><a href=\"https:\/\/docs.google.com\/document\/d\/1VBIPgPTb4aHJTlzrwvVbR_gQ5crGnaV-JpdfGBjVbzo\/edit?usp=sharing\">08.- Preparaci\u00f3n de pedidos y venta de productos\u00a0(PPV)<\/a><\/li>\n<\/ul>\n","protected":false},"excerpt":{"rendered":"<p>A trav\u00e9s de los siguientes enlaces se accede al documento con la programaci\u00f3n del m\u00f3dulo. M\u00f3dulos profesionales (Cursos 1\u00ba, 2\u00ba, 3\u00ba y 4\u00ba) 01.- T\u00e9cnicas administrativas b\u00e1sicas (TAB) 02.- Archivo y comunicaci\u00f3n (ARC) 03.- Socioling\u00fc\u00edstico (SOLI) 04.- Cient\u00edfico tecnol\u00f3gico (CITE) 05.- Autonom\u00eda personal y orientaci\u00f3n laboral (APOL) 06.- Formaci\u00f3n en Centros de Trabajo (FCT) 08.- [&hellip;]<\/p>\n","protected":false},"author":3,"featured_media":0,"parent":0,"menu_order":0,"comment_status":"closed","ping_status":"closed","template":"","meta":{"_genesis_hide_title":false,"_genesis_hide_breadcrumbs":false,"_genesis_hide_singular_image":false,"_genesis_hide_footer_widgets":false,"_genesis_custom_body_class":"","_genesis_custom_post_class":"","_genesis_layout":""},"_links":{"self":[{"href":"https:\/\/politecnicoestella.educacion.navarra.es\/web1\/wp-json\/wp\/v2\/pages\/199"}],"collection":[{"href":"https:\/\/politecnicoestella.educacion.navarra.es\/web1\/wp-json\/wp\/v2\/pages"}],"about":[{"href":"https:\/\/politecnicoestella.educacion.navarra.es\/web1\/wp-json\/wp\/v2\/types\/page"}],"author":[{"embeddable":true,"href":"https:\/\/politecnicoestella.educacion.navarra.es\/web1\/wp-json\/wp\/v2\/users\/3"}],"replies":[{"embeddable":true,"href":"https:\/\/politecnicoestella.educacion.navarra.es\/web1\/wp-json\/wp\/v2\/comments?post=199"}],"version-history":[{"count":4,"href":"https:\/\/politecnicoestella.educacion.navarra.es\/web1\/wp-json\/wp\/v2\/pages\/199\/revisions"}],"predecessor-version":[{"id":3564,"href":"https:\/\/politecnicoestella.educacion.navarra.es\/web1\/wp-json\/wp\/v2\/pages\/199\/revisions\/3564"}],"wp:attachment":[{"href":"https:\/\/politecnicoestella.educacion.navarra.es\/web1\/wp-json\/wp\/v2\/media?parent=199"}],"curies":[{"name":"wp","href":"https:\/\/api.w.org\/{rel}","templated":true}]}}