{"id":145,"date":"2019-11-08T13:10:53","date_gmt":"2019-11-08T12:10:53","guid":{"rendered":"https:\/\/politecnicoestella.educacion.navarra.es\/web1\/?page_id=145"},"modified":"2023-09-20T10:00:42","modified_gmt":"2023-09-20T08:00:42","slug":"plan-estrategico","status":"publish","type":"page","link":"https:\/\/politecnicoestella.educacion.navarra.es\/web1\/plan-estrategico\/","title":{"rendered":"Misi\u00f3n y Plan estrat\u00e9gico"},"content":{"rendered":"<p style=\"text-align: justify;\">En los enlaces de abajo puedes acceder a la misi\u00f3n, a la l\u00ednea pedag\u00f3gico did\u00e1ctica del centro y el plan estrat\u00e9gico del centro que hemos ido elaborando en estos a\u00f1os:<\/p>\n<ul>\n<li><a href=\"https:\/\/docs.google.com\/document\/d\/1e1zbqCIdgQcjfIrusIBSaMclWlnecPyy_INvpRr7Ivg\/edit?usp=sharing\" target=\"_blank\" rel=\"noopener noreferrer\">Misi\u00f3n del centro<\/a><\/li>\n<li><a href=\"https:\/\/docs.google.com\/document\/d\/1xxhE0ZN40HdjJi6O6wdzjh7IBMtN-MUAiAyaDTClYwg\">L\u00ednea pedag\u00f3gico-did\u00e1ctica del centro<\/a><\/li>\n<li><a href=\"https:\/\/docs.google.com\/spreadsheets\/d\/e\/2PACX-1vS9q4LmvTTZ3Ei7G0sDYrLhQn99Gm0cu-NejyH4o3YmFWObOzDhCPyyqnoDl3_fika0ufkTWplYFNrh\/pubhtml?gid=343269123&amp;single=true\">Plan estrat\u00e9gico<\/a><\/li>\n<\/ul>\n\n\n<p><\/p>\n","protected":false},"excerpt":{"rendered":"<p>En los enlaces de abajo puedes acceder a la misi\u00f3n, a la l\u00ednea pedag\u00f3gico did\u00e1ctica del centro y el plan estrat\u00e9gico del centro que hemos ido elaborando en estos a\u00f1os: Misi\u00f3n del centro L\u00ednea pedag\u00f3gico-did\u00e1ctica del centro Plan estrat\u00e9gico<\/p>\n","protected":false},"author":3,"featured_media":0,"parent":0,"menu_order":0,"comment_status":"closed","ping_status":"closed","template":"","meta":{"_genesis_hide_title":false,"_genesis_hide_breadcrumbs":false,"_genesis_hide_singular_image":false,"_genesis_hide_footer_widgets":false,"_genesis_custom_body_class":"","_genesis_custom_post_class":"","_genesis_layout":""},"_links":{"self":[{"href":"https:\/\/politecnicoestella.educacion.navarra.es\/web1\/wp-json\/wp\/v2\/pages\/145"}],"collection":[{"href":"https:\/\/politecnicoestella.educacion.navarra.es\/web1\/wp-json\/wp\/v2\/pages"}],"about":[{"href":"https:\/\/politecnicoestella.educacion.navarra.es\/web1\/wp-json\/wp\/v2\/types\/page"}],"author":[{"embeddable":true,"href":"https:\/\/politecnicoestella.educacion.navarra.es\/web1\/wp-json\/wp\/v2\/users\/3"}],"replies":[{"embeddable":true,"href":"https:\/\/politecnicoestella.educacion.navarra.es\/web1\/wp-json\/wp\/v2\/comments?post=145"}],"version-history":[{"count":6,"href":"https:\/\/politecnicoestella.educacion.navarra.es\/web1\/wp-json\/wp\/v2\/pages\/145\/revisions"}],"predecessor-version":[{"id":5397,"href":"https:\/\/politecnicoestella.educacion.navarra.es\/web1\/wp-json\/wp\/v2\/pages\/145\/revisions\/5397"}],"wp:attachment":[{"href":"https:\/\/politecnicoestella.educacion.navarra.es\/web1\/wp-json\/wp\/v2\/media?parent=145"}],"curies":[{"name":"wp","href":"https:\/\/api.w.org\/{rel}","templated":true}]}}